e u(-6). Let l = 5 + g. Suppose 3*t - l - 9 = 0. List the prime factors of t.
2
Let k(p) = 7*p - 7. What are the prime factors of k(6)?
5, 7
Let n(z) = 44*z - 20. What are the prime factors of n(5)?
2, 5
What are the prime factors of 426/4 + (-2)/4?
2, 53
Let d(q) = -q + 9. Suppose -2*u - 27 = -3*w - 0*u, 0 = -w - 3*u - 2. List the prime factors of d(w).
2
Let u = -4 - 2. Let t = u - -12. What are the prime factors of t?
2, 3
Let z(v) = -5*v - 12. Let b(y) = 6*y + 13. Let f(n) = 2*b(n) + 3*z(n). What are the prime factors of f(-9)?
17
Suppose -1091 = -8*s - 203. What are the prime factors of s?
3, 37
Suppose 5*a + 2 = 4*a. Let b = 3 + a. Let k(s) = 11*s. What are the prime factors of k(b)?
11
Let t(r) = r**3 + 6*r**2 - 4. Let u be t(-6). Let a(l) = l**3 + 3*l**2 - 4*l - 3. Let p be a(u). What are the prime factors of 6 + ((-9)/p - 3)?
2, 3
Let p(h) = 3*h**2 + 4*h + 3. Let v be p(-2). Let r = v + 4. List the prime factors of r.
11
Let f(j) = 3*j. Let m be f(1). Suppose -7*a + m*a = -36. What are the prime factors of 10 + (-1)/(3/a)?
7
Suppose -56 - 205 = -3*d. What are the prime factors of d?
3, 29
Let x(z) = -10*z + 1. List the prime factors of x(-4).
41
Suppose 0 = -u + 4*w - 17, -3*w + 4*w - 8 = -u. List the prime factors of u.
3
List the prime factors of (1 - (-2276)/14) + 18/42.
2, 41
Suppose -4 = -3*n + n. What are the prime factors of n?
2
Suppose -218 = -s - s + 4*h, -2*s = -3*h - 213. List the prime factors of s.
3, 11
Let l(j) = 2*j + 4. Let c be l(-5). Let w(u) = -u**3 - 5*u**2 + 4*u - 7. What are the prime factors of w(c)?
5
Let n be (-1 - 1/3)*-3. Suppose -12 = -n*y - t + 3*t, 0 = y + t - 3. Suppose -v + 18 = 3*k, -y*v - v + 3*k = 3. What are the prime factors of v?
3
Suppose -141 = -b - 17. List the prime factors of b.
2, 31
Let j = -87 + 126. What are the prime factors of j?
3, 13
Suppose -3 = 3*y - 30. List the prime factors of y + -1 + 4 + -4.
2
Let w(i) = 6*i + 9. What are the prime factors of w(8)?
3, 19
Suppose 0*h + 4*h = 4. Suppose -h = -4*q + 11. What are the prime factors of q?
3
Let s be (-1)/2 + 130/4. Let f(o) = 2*o. Let g be f(9). Let t = s - g. What are the prime factors of t?
2, 7
Let k(d) = 18*d**3 + 2*d**2 - 2*d + 1. Suppose 0*b = b - 1. List the prime factors of k(b).
19
Let c = 12 - 1. Suppose o - t - c = 0, 4*o - 3*t = -0*t + 40. What are the prime factors of o?
7
Let w(v) = -v**2 - 2*v. Let d be w(-4). What are the prime factors of 2/d + 42/8?
5
List the prime factors of (4/10)/(1/70).
2, 7
Let g(i) = i - 5. Let t be g(11). Suppose 2 + t = u. What are the prime factors of u?
2
Let i(j) = j**3 - 3*j**2 - 3*j - 4. Let u be i(4). Suppose 4*p + 3*o + 52 = u, -2*p + o = 14 + 2. Let f = p - -24. List the prime factors of f.
2, 7
Suppose -2*b - 20 - 10 = 0. Let q be (-2 + -8)*b/6. Suppose -m - 30 = -2*m + 4*g, 3*g = m - q. What are the prime factors of m?
2, 5
Suppose 4*z + 10 + 2 = 0. List the prime factors of (z - -3)/(-2) - -15.
3, 5
Suppose -44 = -3*n + 4. Let k = n - -2. Let h = k - 11. What are the prime factors of h?
7
Suppose -d - 27 = -n, n - 2*d - 19 = 8. List the prime factors of n.
3
Let o be 1/((-1)/((-9)/3)). Suppose -5*v = -18 - 32. Suppose -o*l = -5*u - 1, l + 4*u - 33 = -v. List the prime factors of l.
7
Suppose 0*u = u + 5. Let c = 0 - u. Suppose -2*t = -4*s + 5*s, 2*s + 3*t = c. What are the prime factors of s?
2, 5
Suppose -1 = 2*k + 5. Suppose 0 = -4*g - 4*l - 0*l + 12, 3*g - 10 = -2*l. List the prime factors of (k/g)/(1/(-8)).
2, 3
What are the prime factors of 666/8 - 11/44?
83
Let u(f) = f**2 + 6*f - 4. Let n be u(-5). Let v = n + 45. List the prime factors of v.
2, 3
Let g(s) = 3*s**2 - 5*s - 1. Suppose v = 2*u - 8 - 0, -5*u + v = -20. Let p be g(u). List the prime factors of (-1)/4 - p/(-12).
2
Suppose g - 57 = -2*g. Let b = 51 - g. What are the prime factors of b?
2
Suppose -d + 0*d = 5, -3*t = -4*d - 26. Suppose t*f + 2 = 12. Suppose -f*v - 7 = -67. List the prime factors of v.
2, 3
Let f = -368 - -644. List the prime factors of f.
2, 3, 23
Let y(w) = -w**2 - w - 1. Let l(k) = 10*k**2 + 12*k + 10. Let i(u) = l(u) + 8*y(u). List the prime factors of i(-5).
2
Let w = -22 - -45. What are the prime factors of w?
23
Let f = -1 - -6. Suppose f*v - 4*v = 37. What are the prime factors of v?
37
Suppose 3*p - 4*m = -10, -6*p = -3*p + 2*m - 14. Let x(n) = n**p + 3 + 4*n - 5*n - 5*n. What are the prime factors of x(6)?
3
Let q(p) be the first derivative of -3*p**4 - p**2/2 - 8. Let j(x) = -x + 2. Let d be j(3). What are the prime factors of q(d)?
13
Suppose 12 = 3*p - 0*p. Suppose 3*q + p*g = -2 - 5, 2*g = -q - 5. What are the prime factors of q?
3
Let w be (1 - 1)/(-3 - -4). Suppose w = p - 7 - 2. What are the prime factors of p?
3
Let d = 6 + 2. Suppose -65 = 3*z - d*z. List the prime factors of z.
13
Let g(o) = o. Let t(u) = 3*u**2 - 2*u + 1. Let w(k) = 3*g(k) + t(k). List the prime factors of w(-1).
3
Let a be (18/(-12))/(1/6). Let o(d) = d**3 + 8*d**2 - 12*d + 7. What are the prime factors of o(a)?
2, 17
Suppose 2*m = 4*m + 4, 5*m = -4*f + 90. Suppose 5*j = f, 0*j - 8 = -k - 2*j. Let p(h) = -5*h - 2. List the prime factors of p(k).
2
Suppose -8*x + 493 = -1739. List the prime factors of x.
3, 31
Suppose c - 4*l + 61 = 6*c, -5*c + 49 = l. Suppose -3*i + 0*i = -c. Suppose -h - i*v - v = 17, 3*h + 16 = -5*v. What are the prime factors of h?
3
Suppose -r = -5 + 2. List the prime factors of (r/9)/((-3)/(-117)).
13
Suppose -p + 335 - 67 = 0. What are the prime factors of p?
2, 67
Suppose 3*f = 101 + 304. Suppose -2*r = 3*r - f. Let s = -15 + r. List the prime factors of s.
2, 3
Suppose -886 = -b - b - y, -2*b - 5*y + 902 = 0. List the prime factors of ((-2)/(-6))/(7/b).
3, 7
Suppose -5*t + 26 = -0*w + 3*w, 0 = -5*w - 4*t + 26. Let q(i) = w*i**2 - 2 + 1 - 13*i**3 - i - 2*i**2. What are the prime factors of q(-1)?
13
Suppose 22 = -y - 0*y. Let o be 2430/66 - 4/y. Suppose -2*h + o = h - 4*w, 4*h - 5*w = 50. List the prime factors of h.
3, 5
Let s(l) = -l**3 - 3*l**2 - 3*l - 2. Suppose -4 = -3*t - 13. List the prime factors of s(t).
7
Suppose 2*d - 92 = 3*x, -x = d + 4*x - 20. List the prime factors of d.
2, 5
Let h(g) = g - 4 + 6 + 0 + 5. Let m = -7 + 13. List the prime factors of h(m).
13
Let m(q) = q**2 + 1. Let y be m(4). List the prime factors of -9 + y - 1/(-1).
3
List the prime factors of (((-504)/35)/(-9))/(2/5).
2
Suppose b = 4, -4*m + 9 + 23 = 5*b. Suppose -5*d - 87 = -l - 2*l, -m*l = -3*d - 81. What are the prime factors of l?
2, 3
Let v(o) = o + 20. Let w = -4 + 6. Let s be (-2 + w)*2/(-2). What are the prime factors of v(s)?
2, 5
Let v(p) = 42*p - 14. List the prime factors of v(3).
2, 7
Suppose -15 = -b + 8. Suppose -k + 0*k = -b. What are the prime factors of k?
23
Let m(r) = 2*r**3 - 4*r**2 - 14*r + 14. What are the prime factors of m(5)?
2, 47
Let c(k) = -k**3 + 5*k**2 + 6*k + 5. Let m be c(6). Suppose -m*y + 33 = 2*n - 52, 131 = 3*n + 4*y. Suppose -5 = 4*o - n. What are the prime factors of o?
2, 5
Let r be (-2)/((-2)/8*2). Let k = -3 - -5. Suppose k*q - 6 = -r*j, q + 5*j = 5*q - 12. What are the prime factors of q?
3
Suppose -3*w - 5 + 20 = 0. Let f be (-176)/20*w*-1. Suppose -y = 5*o - f, -2*o + 4*o - 4*y = 0. List the prime factors of o.
2
Let t(k) = 16*k**3 - 3 + 23 + 32*k - 87*k - 50*k**2. Let m(p) = 3*p**3 - 10*p**2 - 11*p + 4. Let b(z) = 11*m(z) - 2*t(z). List the prime factors of b(11).
2
Suppose -l = 2*f - 25, 10 = -2*f - 2*l + 40. Suppose 4*w = 2*w + f. What are the prime factors of w?
5
Let n be (-62)/10 + (-1)/(-5). Let j be (-5)/(1 + n/4). Suppose -j = -g + 2. What are the prime factors of g?
2, 3
Let g = -241 + 634. List the prime factors of g.
3, 131
Let c(d) = 7*d - 6. Let i(n) = 3*n - 3. Let f(b) = 4*c(b) - 9*i(b). Let k(z) = 1. Let u(j) = -3*f(j) + 7*k(j). List the prime factors of u(-6).
2
Suppose 4*p + 0 - 16 = 0. Let t be (-1)/p - 34/(-8). List the prime factors of (-26)/(-6) + t/6.
5
List the prime factors of (-2 - 23)*(-10 - -7).
3, 5
Suppose -4*p = 4 - 0. What are the prime factors of (-6)/4*2*p?
3
Let q be (18 - 0)*(-60)/(-18). Suppose 2*c - 18 = -5*g - 0*g, 4*g - q = -4*c. List the prime factors of c.
19
What are the prime factors of 225 + 1 + -3 + 6?
229
Suppose -3*c = -3 - 0. Let w(t) = -7*t**3 - t**2 + t. Let y be w(c). Let r = y + 11. List the prime fa